 7, 5*n - 9 = 2*w. Suppose -m - i + 41 = 0, 5*i + 21 = n*m - 62. What is the remainder when 101 is divided by m?
29
Let i(p) = -33*p**2 - 170*p - 9. Suppose -26 = 4*l - 66. What is the remainder when i(-5) is divided by l?
6
Suppose 17 + 361 = 2*x. Suppose -3*k + 5*p = 8*p - 123, 0 = p - 3. What is the remainder when x is divided by k?
37
Suppose 0 = 5*y - 3*l - 220, -y + 132 = 2*y + 4*l. Let w = y - 42. Calculate the remainder when (235/10)/(w/4) is divided by 10.
7
Suppose 10*h = 1058 + 1672. Suppose 2275 = -260*g + h*g. Calculate the remainder when g is divided by 63.
49
Let t(a) = 33 + 39 - 66 + a. Let w be t(-7). What is the remainder when (164/4)/(w - -2) is divided by 7?
6
Let r(o) = 89*o**3 + 4*o**2 + 11*o - 13. Calculate the remainder when 456 is divided by r(1).
1
Suppose -70*m + 24826 = -29914. What is the remainder when m is divided by 44?
34
Let t be -3*2/(-4) - 36/(-24). Suppose 2*r - 5 = -2*i - 3*r, 3*i - t*r + 3 = 0. Calculate the remainder when 149 is divided by i + 2 + (-6 - -4) + 38.
35
Suppose -6*m + 3*m - 4*d + 5129 = 0, 2*d + 3410 = 2*m. Calculate the remainder when m is divided by 28.
27
Let a = 1386 - 1368. Calculate the remainder when 39 is divided by a.
3
Let r(u) be the first derivative of u**3/3 + u**2/2 - u - 27. Suppose p - 4*a - 13 = 0, p + 2*p - 13 = -a. Calculate the remainder when r(p) is divided by 18.
11
Suppose -18*f = -3*f - 45. Suppose w - f = 0, 3*w + 29 = 4*p + 2*w. Calculate the remainder when 9 is divided by p.
1
Suppose 0*m - 4*m = -3*p - 72, -23 = -m + 2*p. Calculate the remainder when 34 is divided by 425/m + (-7)/21.
6
Let a(x) = 2*x**3 - 24*x**2 + 22*x + 1. Let m be a(10). What is the remainder when m/(-4) - (0 + (-1)/4) is divided by 12?
9
Let w = -8 - -16. Let r(j) = -1093 + 69*j**2 + 16*j - 71*j**2 + 1104. Calculate the remainder when r(w) is divided by 4.
3
Let k = 26 - 23. Suppose k*h + h = -5*t + 43, -11 = -t - 2*h. Let x(z) = -z**2 + 8*z. What is the remainder when 26 is divided by x(t)?
5
Let m = -12163 + 12227. Calculate the remainder when 4093 is divided by m.
61
Let u = 85 - -32. Suppose -147*j + 1000 + 1722 = -806. What is the remainder when u is divided by j?
21
Suppose 0 = 28*p - 32*p + 8. Let s(g) = 2*g + 15. Calculate the remainder when ((-68)/(-12))/(2/12) is divided by s(p).
15
Let c(n) = -2*n - 23. Let t be c(-17). Suppose t*p - 168 = 7*p. What is the remainder when p is divided by 12 + (-1 - -5) + (0 - 1)?
12
Calculate the remainder when (7 + -2)/((-140)/(-6328)) is divided by 109.
8
Suppose 4*b = -2*t, -8 = -3*t + 4*b + 2. Suppose 0 = t*s - 4*x + 2 - 96, 3*x + 221 = 5*s. Calculate the remainder when s is divided by 4.
3
What is the remainder when 693 is divided by 7*(1 - 336/(-21))?
98
Let v be (4/30)/((-28)/(-70))*2967. Suppose -8*d + v = -3579. Calculate the remainder when d is divided by 26.
25
Suppose 4 = 2*l, 19260 = 3*f - 3*l - 4104. Calculate the remainder when f is divided by 159.
158
Let t be -12*15/(-40)*2. Suppose -t*g + 345 = 6*g. What is the remainder when 272 is divided by g?
19
Let m be 0 - (-32 + (3 - 1)). Suppose -m = -4*a - r, -3*r = -5*a - 2 + 31. Calculate the remainder when (54/4)/(-1 + 21/14) is divided by a.
6
Suppose 0 = -4*x - 72 - 528. Let j = x - -154. What is the remainder when 231 is divided by j?
3
Suppose 0*j - 4*j - 60 = 0. Suppose -151 = -9*s - 106. What is the remainder when (-27)/12*(3 + j) is divided by s?
2
Let w = 1156 - 705. Calculate the remainder when w is divided by 115.
106
Suppose 25 = 7*m - 38. Suppose m*x - 5*x = 184. What is the remainder when 87 is divided by x?
41
Let n = 31 + -18. Calculate the remainder when 1254 is divided by n.
6
Let f(t) = -t - 15. Let q be f(-25). Calculate the remainder when 348 is divided by 265/q + (-2 + 5)/6.
24
Let g be (2 - 4 - -3)*7. Suppose -5*n + 177 = -2*n. What is the remainder when n is divided by (91/(-14) + g)/(2/84)?
17
Let p = 3710 - 3627. Calculate the remainder when 2833 is divided by p.
11
Let d(o) = -4*o - 5*o + 3*o - 11 + 3*o. Let h be d(-4). Let y = 54 + h. What is the remainder when y is divided by 14?
13
Let a = -40 + 65. Let x = 65 + -63. Suppose -n - x*o = -52, -3*n = -5*o - 103 - 9. What is the remainder when n is divided by a?
19
Suppose 13*y - 379 = 211 + 203. What is the remainder when y is divided by 11?
6
Let r(t) = -t**2 + 46*t - 484. Calculate the remainder when 2058 is divided by r(18).
18
Calculate the remainder when (70/315)/((-2)/7)*-9*79 is divided by 92.
1
Let p(g) = -301*g + 1833. What is the remainder when 287 is divided by p(6)?
17
Let k = -338 + 343. Suppose z - 165 = -3*g + 38, z - k = 0. What is the remainder when g is divided by 12?
6
Let z(f) = -f**2 - 15*f + 10. Let d be z(-14). Suppose 0*w - 3*w = -d. Suppose w*v = 6*v + 52. Calculate the remainder when 103 is divided by v.
25
Suppose -5*w + 5 = -4*w. Calculate the remainder when 12/150*545 + 6/(-10) is divided by w.
3
Let f(d) = 2*d**2 - 53*d - 410. What is the remainder when f(-7) is divided by 39?
20
Suppose -255 = v + 2*d - 0*d, -508 = 2*v + 5*d. Let n = 424 + v. Let m = -118 + n. Calculate the remainder when m is divided by 16.
15
Let s(w) = w**2 - 17*w - 84. Let m be s(-7). What is the remainder when 319 is divided by (m/(-7))/((-3)/10)?
39
Let i = 93 - 59. Suppose -17*g - 50 = -3*d - 21*g, 4*d - g - 35 = 0. Suppose 4*q - 46 + d = y, 18 = 2*q - y. Calculate the remainder when i is divided by q.
7
Let u(y) = -y**3 - 5*y**2 - 5*y - 1. Suppose k = 25*k. Suppose k = -22*d + 2501 + 73. Calculate the remainder when d is divided by u(-5).
21
Let y = 977 + -953. Suppose 0 = 4*c - 2*k - 880, -y*c + 25*c + 5*k = 242. Calculate the remainder when c is divided by 57.
51
Let i(q) = q**3 + 5*q**2 - 7*q - 4. Let b be i(-6). Suppose g = -2*k + 3, -k + 6*k = -2*g + b. What is the remainder when 2540/80 + (-6)/8 is divided by g?
9
Let j = 16268 - 16206. What is the remainder when 1712 is divided by j?
38
Let i be 43/(3 + (-70)/25). Let j = i - 185. Let q = 7 - -11. Calculate the remainder when j is divided by q.
12
Suppose 4*p = -2*j + 52, 4*j - 5*p - 169 = -0*j. Let w = -60 + 60. Suppose w = -2*c + 6*c - 52. What is the remainder when j is divided by c?
10
Let m(h) = h**2 - 23*h + 72. Let s be m(20). Suppose -17 = -a + s. Calculate the remainder when a is divided by 2.
1
What is the remainder when ((-12)/(-9))/((-188)/(-93) - 2) is divided by 3/(-9)*-6 + 135/3?
15
Suppose -r - 2*a + 6 = 0, 0 = 8*r - 5*r + 2*a - 6. Suppose -2*n + 25 = 3*n. Suppose 0*p + n*p - 100 = r. Calculate the remainder when p is divided by 12.
8
Suppose 0 = -2*f + 464 - 398. Let r = 20 + -11. Calculate the remainder when -186*(-3 + 24/r) is divided by f.
29
Suppose 40*r - 933 + 515 = 782. Calculate the remainder when 538 is divided by r.
28
Suppose 33 = y - 11*u + 10*u, 0 = -3*y - 5*u + 115. Calculate the remainder when 78 is divided by y.
8
Let z = 194 + -191. Suppose 5*r - 58 = -2*g, 2*g + 26 = -r + z*r. Let q(k) = 59*k**3 - k**2 + 2*k - 1. What is the remainder when q(1) is divided by r?
11
Suppose 5*n = n. Suppose 6*j - 4*j - 10 = n. Let y = -87 + 103. What is the remainder when y is divided by j?
1
Let d(s) = 2*s**2 - 3*s - 3. Let v be d(3). Let n(h) = 23*h + 4. Let l(i) = 61*i + 1317. What is the remainder when n(v) is divided by l(-21)?
34
Let n(u) be the third derivative of u**5/12 + u**4/8 + u**3/6 - 7*u**2. Let a = 292 + -110. What is the remainder when a is divided by n(-3)?
34
Let k(n) = 6*n - 6. Suppose 2*x + 69*a = 73*a + 416, 576 = 3*x + 2*a. What is the remainder when x is divided by k(4)?
16
Suppose 194 = 7*o - 352. What is the remainder when 1792 is divided by o?
76
Let i(d) = d**3 - 64*d**2 - 427*d + 511. Calculate the remainder when 5206 is divided by i(70).
19
Calculate the remainder when 1973 is divided by -4*(1 - 0) + (-13)/(234/(-342)).
8
Let q = -319 - -310. Let z = 1 - 0. What is the remainder when q/6*(z - (-3 + 6)) is divided by 3?
0
Let h = -20 + 82. Let k = 69 - h. Suppose 2*t - k = -5*t. Calculate the remainder when 2 is divided by t.
0
Let a = 24791 + -24781. Let n = -14 - -9. Let q(w) = -10*w + 4. What is the remainder when q(n) is divided by a?
4
Let z = 454 + -466. Calculate the remainder when (-118)/(-4) + (-30)/z is divided by 17.
15
Let y = -80 + 151. Let s(o) = -14*o - 6. Let v be s(-10). Suppose y*b =